et t = 21 + -10. Let q(k) = k**2 + 3*k - 9. Let z be q(-5). Let i be -2 - -1 - (-2)/z. Calculate the greatest common factor of t and i.
1
Let g(z) = -z**2 + 7*z + 10. Let a be g(8). Let m be a + (-8)/((-1)/(-1)). Let p(y) = -10*y. Let w be p(m). What is the greatest common divisor of w and 12?
12
Let d(f) = 8*f - 25. Let y be d(4). Suppose y*m - 4*m - 24 = 0. Calculate the highest common factor of 1 and m.
1
Suppose 234 = 102*u - 93*u. What is the highest common factor of 208 and u?
26
Let m(a) = a**3 - 5*a**2 - a. Let g be m(5). Let h be 4 + (-4 - g) - 3. Suppose -h*b = 2*d - 28, -d + 6 = 3*b - 0. What is the highest common factor of d and 6?
6
Let l(s) = -5 + 5*s + 5 + 2 - 19*s. Let i be l(-2). Calculate the highest common factor of 15 and i.
15
Let i be (5 - 6) + 1*-1. Let y be -4*i/(8/(-69)). Let q = y + 104. Calculate the greatest common divisor of 7 and q.
7
Let t(s) = -5*s - 10. Let j be -8 + (2/(-3))/(4/(-6)). Let z be t(j). Calculate the highest common factor of 125 and z.
25
Suppose -3*k - 18 = -3, 4*k = 4*v - 28. Let x be (-1 - -3)/(v/(-15)). Let z = x - -36. What is the highest common divisor of z and 7?
7
Suppose 5*h - 4*f = 20 + 36, 5*h - 2*f = 58. Suppose 3*i - 36 = -i. Let x be (i/6)/(3/216). What is the greatest common factor of h and x?
12
Let b(f) = -192*f + 194. Let d be b(1). Let v = -20 + 46. Suppose a + v = 3*t + d*a, -4*t + 5*a = -22. What is the greatest common factor of 12 and t?
4
Let f be ((1/(1/10))/2)/1. Suppose 0 = c + 2*u - 15, c - f*u = -0*c + 15. Calculate the greatest common factor of 5 and c.
5
Let u be 2*(1 + 0) + -1. Let a be (3/9)/((-2)/(-12)). Suppose i = 3*h - 19, 30 = 3*h + 2*h - a*i. What is the highest common factor of u and h?
1
Let q = 12 - -42. Let b = 2710 - 2704. What is the highest common factor of b and q?
6
Let o be ((-76)/190)/((-3)/225). Suppose 0 = 2*i + 3*i - 475. Suppose -3*b - b + 5*u = -105, 5*b + u = i. What is the greatest common factor of o and b?
10
Suppose 66*b = 70*b - 3*q - 153, 79 = 2*b - q. Calculate the greatest common divisor of b and 49.
7
Let l = 70 - 10. Let n be l*(14/6 - 2). Suppose 52 = 4*q + 4*g, -2*q + 4*q = g + n. What is the highest common divisor of 1 and q?
1
Let j = -11 + 13. Let r = 7 - j. Suppose -3*t + c = 1, -2*t - 18 = -0*t - r*c. Calculate the greatest common factor of t and 8.
1
Suppose -277 + 253 = -2*t. What is the greatest common divisor of t and 30?
6
Let l(g) = -g**2 - 7*g - 5. Let k be l(-5). Let h be 0 + (-3 + 2)*-2. Suppose -z - 45 = -h*z. Calculate the greatest common factor of k and z.
5
Let c(g) = -g**3 + g**2 + 3*g - 6. Let s be c(4). Let y = s + 132. Calculate the greatest common divisor of y and 15.
15
Let v(b) = -3*b - 49. Let w be v(-20). Suppose -4*o = -93 - 39. Suppose 5*a - 5*s - 55 = -0*a, 3*a + 4*s - o = 0. What is the greatest common factor of w and a?
11
Let q be (44/(-6))/((-18)/27). Let a = 33 - q. Calculate the highest common divisor of 55 and a.
11
Let c(l) = -l**2 + 30*l + 43. Let x be c(29). Calculate the greatest common factor of 960 and x.
24
Let t = -160 + 170. Calculate the greatest common factor of t and 55.
5
Suppose 5*h + 3*d - 12 - 197 = 0, -2*d + 6 = 0. Let m = h + -7. Let i = -15 + m. What is the greatest common factor of 90 and i?
18
Suppose 5*y - 479 = 236. Let z be 2/7 - (-1 + (-27)/(-21)). Suppose z = j - 45 + 32. Calculate the highest common factor of y and j.
13
Let f = -85 - -81. Let k be (-9)/(f/22 - (-5)/(-33)). What is the highest common divisor of k and 1?
1
Suppose 0 = 5*u + 2*x - 836 + 200, -3*x = 5*u - 639. What is the greatest common divisor of 42 and u?
42
Let u be 1/((-3)/(-33)) + 1. Let k = 52 + 71. Let j = k + -87. Calculate the highest common factor of u and j.
12
Suppose 0*q + 20 = 5*q. Suppose 0 = -q*g + 63 + 29. Calculate the greatest common divisor of 69 and g.
23
Let f = -542 - -587. Calculate the highest common divisor of 1080 and f.
45
Let p = -98 + 60. Let t = p + 48. What is the greatest common divisor of t and 40?
10
Let b(s) be the third derivative of -s**4/24 - 5*s**3/2 + 2*s**2. Let p be b(-17). What is the highest common factor of 2 and p?
2
Suppose -6*v + 135 + 2325 = 0. Calculate the greatest common divisor of v and 10.
10
Suppose 0 = -9*y + 4385 - 713. What is the greatest common divisor of 17 and y?
17
Suppose 0*c - c = -3. Suppose -6 = -c*b + b. Suppose 0*z - 18 = -b*z. What is the highest common factor of z and 2?
2
Suppose -u + 2*c + 10 = -12, 2*u + 4*c - 68 = 0. Let f(q) = -q**3 + 5*q**2 + 6*q + 7. Let d be f(6). Calculate the highest common divisor of u and d.
7
Suppose c = 6 - 2. Suppose -c*d + 52 = 4. Suppose z - 54 = -3*v + 27, -v - 141 = -2*z. What is the highest common factor of z and d?
12
Let f(o) = -o**2 + 12*o - 8. Let y be f(11). Suppose -38 = y*c - 4*c. What is the highest common divisor of c and 95?
19
Suppose o - 2 = -n, o + 2 = -0*o - 5*n. Suppose o*i - 15 = -2*i. Let d be 8/14 - (-24)/56. Calculate the greatest common divisor of i and d.
1
Let y = 4 + 0. Suppose -y*r - 38 = -2. Let h be 2/(-6) + (-48)/r. What is the greatest common divisor of 25 and h?
5
Let d = -65 - -98. Suppose -2*c + 5 = 2*f - d, 5*f = 5*c - 65. What is the greatest common factor of 112 and c?
16
Suppose -99*q = -97*q - 468. What is the greatest common divisor of q and 52?
26
Let p(a) = 11*a**2 - 11*a + 11. Let o be p(4). Calculate the greatest common divisor of o and 11.
11
Let m(h) = -5*h**3 - 7*h - 3. Let i(d) = d**3 + 3*d + 1 - 4*d + d. Let p(z) = 6*i(z) + m(z). Let f be p(3). What is the highest common divisor of 27 and f?
9
Let j = -896 - -1751. What is the highest common divisor of 95 and j?
95
Let n = 84 - 211. Let s = -31 - n. Suppose w - 3*c = 4*w - 144, 0 = 2*w - c - s. What is the greatest common divisor of 16 and w?
16
Suppose 8 = 3*q - n, 2*q - 2*n = 4*q. Suppose -5*w - 390 = -5*g, -2 = -q*w - 4. What is the highest common divisor of 11 and g?
11
Let w = 1 - 0. Suppose 0 = -6*s + 13 - w. What is the highest common factor of 1 and s?
1
Suppose 0 = 5*p - 530 - 10. Let a = -16 + 18. Suppose k = a*k - 12. Calculate the greatest common factor of k and p.
12
Let b be 14/42 - (1 + (-14)/3). Suppose 0 = b*o - 8, -3*r = o - 6*o - 197. Calculate the greatest common divisor of 46 and r.
23
Let r be 1/3 - 53/(-3). Suppose -r = -2*i + 6. Calculate the highest common divisor of 8 and i.
4
Let y = -135 - -154. Suppose 9*t = y*t - 80. What is the highest common divisor of 136 and t?
8
Let o(j) be the first derivative of -j**3/3 - 9*j**2/2 - 13*j - 4. Let z be o(-6). Calculate the greatest common divisor of z and 55.
5
Let y(l) = -8 - 2*l + 5 - 4*l + 4. Suppose 0 = -5*x - 32 + 7. Let f be y(x). What is the highest common factor of 31 and f?
31
Suppose 8*p - 257 = 1871. Calculate the greatest common divisor of 56 and p.
14
Let c be (-17306)/(-289) + 30/(-34) + 1. What is the greatest common divisor of c and 690?
30
Let t = 19 - -23. Suppose 6*f + 15 = f, 0 = -2*v + 2*f + 14. Suppose -o - t = -v*o. What is the greatest common divisor of o and 28?
14
Let p be 10/(5/(-30)*4). Let g = 59 + p. What is the highest common factor of 66 and g?
22
Suppose 2*r - 42 = -4*a + 4*r, 0 = -2*r - 6. Suppose -v - p = -24, -5*p - 1 - 14 = 0. What is the greatest common divisor of v and a?
9
Suppose 26 = 4*a - 22. Suppose -4*c - a = 0, -5*c + 63 = r - 2. Let u be (240/(-180))/((-4)/30). Calculate the greatest common factor of r and u.
10
Suppose 0 = 5*d + 2*k + 3*k - 425, -4*d + 4*k = -340. What is the highest common factor of 272 and d?
17
Let y = -65 - -81. Let z = -1 + 17. What is the highest common factor of z and y?
16
Let j = -638 - -669. Calculate the highest common divisor of j and 837.
31
Suppose -2*t - 2 + 7 = n, 0 = 4*t. Suppose 0 = -46*i + 34*i - 41*i + 2915. What is the greatest common factor of n and i?
5
Suppose -4*t = 4*r + 8, 0*r - 2*t - 4 = 5*r. Suppose r = -21*g + 22*g - 9. Calculate the greatest common factor of g and 18.
9
Let v(l) = 479*l + 65. Let q be v(1). Calculate the highest common factor of q and 8.
8
Suppose -4*z + 5*j + 712 = -213, -5*z + 2*j + 1135 = 0. Calculate the greatest common factor of z and 9.
9
Let a = 201 + -159. What is the highest common divisor of 66 and a?
6
Let f be (-2)/(-5) - ((-11298)/30 + -1). Suppose -4*a = 3*a - f. Calculate the greatest common factor of 36